 - 1. Let p(o) = -108. Let k(g) = -p(g) - 3*s(g). What is the tens digit of k(-13)?
7
Suppose -6 = -11*z + 8*z. Suppose -574 = -g + 5*u, z*g = 2*u + 3*u + 1138. Suppose g = 5*m + h, 0 = -m - m + h + 227. What is the tens digit of m?
1
Suppose -13*d + z - 17 = -16*d, -3*d + 11 = -2*z. Suppose -10 + 4 = 2*v, -d*v = -l + 302. What is the hundreds digit of l?
2
Let a be (-80)/(-100)*(0 + 885). Let r = 1407 - a. What is the hundreds digit of r?
6
Suppose -1897 = -4*q - 3*w, 2*q + w = 485 + 466. Suppose 0 = -5*s + k - 450, -5*s + 5*k - q = -48. Let n = s + 235. What is the hundreds digit of n?
1
Suppose -9*l - 1458754 = -131*l. What is the ten thousands digit of l?
1
Let y be 9/6 - 217/14. What is the hundreds digit of ((-2485)/y - 5/(-1))*2?
3
Let c be 1 - 4 - (7 - (234 - 1)). Suppose -c - 65 = 2*f. Let a = -26 - f. What is the hundreds digit of a?
1
Suppose 0 = -5*a + 4006 + 26859. What is the tens digit of a?
7
Let p(z) be the second derivative of z**4/4 - 13*z**3/6 + 51*z**2/2 - 104*z. What is the hundreds digit of p(7)?
1
Suppose 0 = -83*l + 81*l + 2*b - 1196, l + 4*b = -598. Let p = -84 - l. What is the tens digit of p?
1
Let q = 1317 - 3151. Let s = q + 2711. What is the units digit of s?
7
Suppose -56*g = -45*g. Suppose g = -3*d + 12, -129*v + 132*v + 2*d - 2984 = 0. What is the units digit of v?
2
Let w = -87 + 148. Let r = w + 176. What is the units digit of r?
7
What is the units digit of (9504/660)/(1/365)?
6
Suppose 41*q - 13*q = 42638 + 630258. What is the tens digit of q?
3
Suppose 14122 = 4*t + 2*n, 8*t + 4*n + 10564 = 11*t. Suppose t = 3*m + 2*y + 692, 2*m - 2*y = 1894. What is the tens digit of m?
4
Suppose -19*x + 7*x + 986928 = 36*x. What is the hundreds digit of x?
5
Let z = -128 + 157. Suppose z*h = 34*h - 225. What is the tens digit of h?
4
Let u(p) = 589*p**2 - 103*p + 102. What is the tens digit of u(1)?
8
What is the tens digit of ((-537)/(-895))/((-1)/(-40690))?
1
Let g(s) be the first derivative of 209*s**3/3 - s**2/2 + 6*s + 109. What is the tens digit of g(2)?
4
Let d = -5120 - -8797. What is the tens digit of d?
7
Let f be ((-26)/52)/((-1)/112). Suppose -f*x + 55*x = -604. What is the units digit of x?
4
Suppose -13209 = -2*j - 3*l, -38*j = -41*j + 2*l + 19755. What is the thousands digit of j?
6
Let k(v) = -21*v - 18 + 8 + 5*v + 90*v**2 + 5*v**2. What is the units digit of k(-3)?
3
Suppose 37312 = -87*t + 95*t. What is the thousands digit of t?
4
Suppose 3*b = -2*l + 504 + 904, 0 = -5*b + l + 2325. Let i = b + -128. What is the hundreds digit of i?
3
Let a be 3/(60/16) + 176127/35. Suppose -4*d = 3*d - a. What is the tens digit of d?
1
Suppose 4*f + 50*h - 20738 = 48*h, 5*h = 3*f - 15534. What is the thousands digit of f?
5
Let m = 103 - 62. Suppose m = 7*z - 162. What is the units digit of z?
9
Let y(b) = -11*b - 327 + b**2 + 653 - 316 + 3*b**3. What is the units digit of y(5)?
5
Suppose 0 = 3*g - 6*g - 5*s + 88, -2*g - 4*s + 60 = 0. Let x = g + -23. Suppose -20 - 45 = -2*n - 3*j, -88 = -x*n + 5*j. What is the tens digit of n?
3
What is the hundreds digit of 69/161 - (300165/(-21)*1 - 1)?
2
Suppose 19*z - 66 = 8*z. Suppose 5*k = 4*d + 2046, -5*k - d + z*d = -2050. What is the hundreds digit of k?
4
Let a = -295 + 604. Let h = 500 - a. What is the units digit of h?
1
Let k = -469 - -675. Suppose -k*q + 207*q = 499. What is the tens digit of q?
9
Suppose 3*k - 28 = 4*u, -32 = -5*k + 2*k + 5*u. Suppose -v + 805 = k*v. Suppose -7*m + 14*m - v = 0. What is the tens digit of m?
2
Suppose -3*y + 52929 = 6*x, -y = 3*y + 5*x - 70554. What is the hundreds digit of y?
6
Suppose -4*q = -13*q - 33336. What is the units digit of (-6)/4*q/12?
3
What is the tens digit of (189/(-18) + 11)/(2/9276)?
1
Let o = 387 + -245. Let h = -85 + o. Let a = h + -34. What is the tens digit of a?
2
Let b(l) = 25*l + 276. Let n be b(-10). Suppose -n*w + 5824 = -24752. What is the thousands digit of w?
1
Let d be (-10 + 0)*11/(-22). Suppose d*k - 6 = 4. Suppose -5*o = -k*o - 633. What is the units digit of o?
1
Let y(h) be the first derivative of h**4/4 - h**3/3 - h**2/2 + 205*h + 2. Let l(s) = -s**3 - 58*s**2. Let p be l(-58). What is the units digit of y(p)?
5
Suppose -5675 = -27*v + 3397. Let y = v + 47. What is the tens digit of y?
8
Suppose -6*h + 4949 = -2251. Suppose 13*l - h = 3*l. What is the tens digit of l?
2
Suppose 0 = 3*x + 3*g - 99 - 207, -g + 3 = 0. Suppose 2*a - 83 - x = 0. Suppose 343 = 2*n - a. What is the tens digit of n?
1
Suppose -7*b = 4*b + 26887 - 137800. What is the units digit of b?
3
Let z(f) = -f**3 + 3*f**2 + f + 1. Let k be z(3). Let d(h) = h**2 - 6*h + 11. Let a be d(k). Let j = a + 88. What is the tens digit of j?
9
Let m = 3504 + 8747. What is the thousands digit of m?
2
Let k = -423 - -191. Let j = k + 321. What is the units digit of j?
9
Suppose -514 = h - 1252. Suppose 7*a + 248 = h. Suppose -2*l - a = -4*l. What is the units digit of l?
5
Let j be 875/(-50)*(-1)/((-10)/(-252)). Let l = 217 + j. What is the hundreds digit of l?
6
Let p(w) = -w**2 + 20*w - 71. Let t be p(15). Suppose t*z - 2712 + 512 = 3*f, 0 = -2*z + 5*f + 1114. What is the tens digit of z?
4
Suppose -2*u + 6*z = -7462, -3*z - 9 = -0. What is the hundreds digit of u?
7
Let r(z) = -z**3 - 94*z**2 - 1228*z - 109. What is the thousands digit of r(-79)?
3
Let b(z) = z**3 - 16*z**2 + 4*z - 29. Let f be b(16). Let l = -27 + f. What is the units digit of (-4)/(l/(-106)) - 3?
0
Let p = -18561 - -19336. What is the hundreds digit of p?
7
Suppose 5*k + 6170 = 2*y, -y + 15458 = 4*y + 4*k. Suppose 29*i + y = 34*i. Let c = i - 425. What is the units digit of c?
3
Let h be 7/(-3) + (-1856)/192. What is the tens digit of 161*(-2)/4*(h - -4)?
4
Let y(z) be the second derivative of 1/3*z**4 + z**3 - 1/20*z**5 + 0 - 3*z + 9/2*z**2. What is the units digit of y(5)?
4
Suppose 947*n = 924*n + 493005. What is the ten thousands digit of n?
2
Suppose 13*s = 11*s - 26*s + 245952. What is the units digit of s?
4
Let g be (1 - (-12)/2)*758. Suppose -16*d + 2*d + g = 0. What is the tens digit of d?
7
Suppose u - 18 = o - 3*u, 0 = -3*u + 12. Let g = 819 - 821. What is the units digit of g/(o + 3 + -2)?
2
Suppose 3036 = 11*l + l. Let g be 356/6*15/2. Let t = g - l. What is the units digit of t?
2
What is the hundreds digit of 11 + (-27)/3 - -458?
4
Suppose 9*b = -b. Suppose -j = -b*j - 4. What is the units digit of 30 - 4/(0 + j)?
9
Suppose 172*q + 270*q = 9907872. What is the ten thousands digit of q?
2
Let s(o) = 300*o. Let u = -10 + 12. Let a be s(u). Suppose -7*i = -12*i + a. What is the tens digit of i?
2
Let k(n) = -n**3 + 6*n**2 - 4*n - 4. Let s be k(5). Suppose -2 = 3*j + s. What is the tens digit of j/2 - 249/(-6)?
4
Suppose 42 = -19*n - 34. What is the tens digit of (-5)/(-40)*n*-1016 - 2?
0
Let f(t) be the first derivative of t**3/3 + 13*t**2/2 + 24*t - 40. Let u be f(-12). Suppose u*z - 459 = 561. What is the tens digit of z?
8
Let f be -4 - (132 + 0)/((-14)/217). Let n = f - 1234. Suppose 5*o - 2*o - 625 = 4*a, 4*o = -a + n. What is the tens digit of o?
0
Suppose -3*c + 3*d = -28791, 1722 = -3*c - 4*d + 30562. What is the units digit of c?
4
Let a(w) be the second derivative of 0 + 29/6*w**3 + 14*w + 0*w**2 + 1/20*w**5 - 7/6*w**4. What is the units digit of a(12)?
0
Suppose 0 = -7*w + 10 + 4. Suppose w*m = 2*g + 4, -3*g = g + m - 7. Let i(p) = 90*p**3 - 3*p**2 + 2. What is the tens digit of i(g)?
8
Let l = -98 + 153. Let y = l - 49. Suppose -108 = y*r - 618. What is the units digit of r?
5
Let t be (-6)/(-9) + (-4)/(-12). Let j be 12*1*22/44. What is the units digit of 42*(t + j/(-9))?
4
Let n(u) = 837*u**2 - 5*u + 7. What is the thousands digit of n(-2)?
3
Let j(i) = i + 11. Let w be j(-5). Suppose -40 = -w*d + d. What is the units digit of -2 - (-1 + 3)*(-340)/d?
3
Let v(n) = n**3 - 31*n**2 + 21*n + 36. Let o = 211 + -180. What is the hundreds digit of v(o)?
6
Suppose -4*d + 8*d - 3*w = 13143, w = 4*d - 13149. Suppose -45*z = -2*g - 49*z + 1328, 5*g + 2*z - d = 0. What is the tens digit of g?
5
Suppose -4*y - 13 = f, 3*f - 2*f + 5*y + 17 = 0. Suppose -f*m = -3*r + 6 - 36, -10 = -2*m. Let g(z) = -7*z + 2. What is the units digit of g(r)?
7
Suppose -8*k + 11*k - 60 = -o, -156 = -3*o + 3*k. Suppose -4*s = -5*s - 4*u + 161, 3*s - 470 = u. Let n = s - o. What is